0 + -43904. Calculate the remainder when 972 is divided by h.
6
Suppose -46*d + 10*d = -40 - 716. Calculate the remainder when (-2)/(-2) - (-2 + -36) is divided by d.
18
Let n = 402 + -391. Suppose 3*b + 2*h - 21 - 63 = 0, -3*b = h - 81. Suppose -32 - b = -2*z. What is the remainder when z is divided by n?
7
Let d = 148 - 127. Suppose 47 - d = 2*o. What is the remainder when 17 is divided by o?
4
Suppose 11 = -4*b - 1, 0 = -2*l - 5*b + 11. Suppose l*n - 2*n = 2585. Calculate the remainder when n is divided by 17.
14
Let a = 242 - 128. Suppose q = -0*q - a. Let c = q - -215. What is the remainder when c is divided by 17?
16
Suppose -1672*o + 1712*o - 5840 = 0. Calculate the remainder when 885 is divided by o.
9
Suppose -4*p - 3*d = -411, -20*p - 304 = -23*p + 2*d. Let y = -33 + 59. What is the remainder when p is divided by y?
24
Let i(f) = 5*f**3 - 6*f**2 + 3*f + 11. Let q(z) = 7*z**3 - 5*z**2 + 4*z + 11. Let v(k) = -4*i(k) + 3*q(k). Calculate the remainder when v(-6) is divided by 4.
1
Suppose 3*h = -5*p + 51, -3*p + 4*h = -16 - 3. Let x(i) = -i**3 + 9*i**2 + 3*i + 7. What is the remainder when x(p) is divided by 18?
16
Let k(h) = -200*h - 1307. What is the remainder when k(-7) is divided by (-6)/30 + (-392)/(-10)?
15
Let d(r) = -r**2 + 22*r + 15. Let p be d(7). What is the remainder when 139 is divided by (6/(-10) + 1)/(2/p)?
19
Let j(q) = 45*q**3 - 76*q**2 + 76*q + 1. What is the remainder when 174 is divided by j(1)?
36
Suppose 2*n + 4*c - 608 = 0, -3*c = -14*n + 16*n - 610. Calculate the remainder when n is divided by 163.
145
Suppose 0 = 114*j - 137*j + 4255. What is the remainder when 1290 is divided by j?
180
Let h = -2 - -5. Suppose 0 = -r + f + 60, -2*f - 90 - 93 = -h*r. What is the remainder when r is divided by 34?
29
Suppose 4*u - u - 2*r = 317, 2*u + r - 223 = 0. Suppose -3*b + 0*b = s - 52, 0 = -2*s - b + u. What is the remainder when s is divided by 7?
6
Let k(d) = 786*d - 2416. Calculate the remainder when k(5) is divided by 129.
95
Suppose 69*i - 73*i = -2*n + 60, 5*i = -3*n + 68. What is the remainder when 6523 is divided by n?
23
Suppose 2*l = 3*n + 37, 40 = 3*l - l - 4*n. Let g = -25 + 104. Suppose -2*b + 107 = -5*t, -5*t + g = 5*b - 276. What is the remainder when b is divided by l?
10
Let q = -349 - -356. Suppose -2*h = -3*t + 38, -2*t + 23 = 8*h - q*h. Calculate the remainder when 12 is divided by t.
0
Let f be 139 + (-5 - 3) + 1. Suppose 6*q + 16*q = f. Calculate the remainder when 77 is divided by q.
5
Suppose 37*c + 1120 = 5153. Let z = 25 + -6. What is the remainder when c is divided by z?
14
Let i(b) = b**2 - 5*b - 13. Let v(n) = -2*n**2 + 18*n - 18. Suppose 4*s + 10 = 34. What is the remainder when i(11) is divided by v(s)?
17
Let o(f) = 60*f**2 + 4*f - 8. Let n be o(-3). Suppose -6*y + 1790 = -n. What is the remainder when y is divided by 43?
41
Suppose -3*a + 62 = 2*k, -4*k + 26*a = 27*a - 124. Let y(b) = 15*b. Let m be y(6). Suppose 0*h + h = m. What is the remainder when h is divided by k?
28
Suppose 16*c + 5*n + 27823 = 23*c, 15900 = 4*c - 4*n. What is the remainder when c is divided by 117?
113
Calculate the remainder when 7*(1707/(-2))/((-30)/20) is divided by 30.
23
What is the remainder when 20253/(-86)*(-4 + -2 + 20/15) is divided by 140?
119
Let l be -2 + (0/(-1) - -8). Suppose 0 = -g + 4*g - l. Suppose -324*k - 139*k + 3241 = 0. Calculate the remainder when k is divided by g.
1
Let a(j) = -2*j**3 + 26*j**2 + 22*j + 19. Let s be a(13). Let p = -151 + s. Suppose 0 = 3*g + 2*g - 260. What is the remainder when p is divided by g?
50
Let l(c) = -c**3 + 13*c**2 - 12*c + 10. Suppose 7*h - 36 = 4*h. Let r(p) = 7*p**3 - 6*p**2 + 5*p - 4. Calculate the remainder when r(2) is divided by l(h).
8
Let n = 57 - -45. Let a(v) = -69*v + 2717. Calculate the remainder when n is divided by a(39).
24
Suppose -523 = 3*z - 172. Let a be 1/(-2) - (4 - z/(-6)). Suppose 0 = -38*g + 41*g - a. Calculate the remainder when 58 is divided by g.
3
Let y(u) = -u + 5. Let i be (-9 - -5)/4 + 4. Calculate the remainder when y(4) is divided by (i - -2 - 4)*1.
0
Let x(q) = -q**2 - 4*q. Let b be x(-3). Suppose -b*z - 2*z + 55 = 0. Calculate the remainder when (-6)/(2*24/(-256)) is divided by z.
10
Let h = 80 + -33. Let q(a) = 2485*a + 2493. What is the remainder when h is divided by q(-1)?
7
Suppose 374*f = 428*f - 73710. What is the remainder when f is divided by 124?
1
Let u(v) = -3*v + 102. Let s be u(34). Suppose s = 23*b - 18*b - 400. Calculate the remainder when b is divided by 42.
38
Let n(w) = w**3 - 2*w**2 + 2*w - 23. Let y be n(7). Suppose -y*s - 3872 = -258*s. What is the remainder when s is divided by 28?
8
Suppose 17822 + 15061 + 10391 = 14*p. Calculate the remainder when p is divided by 72.
67
Suppose 4*n + 0*n - 3*j = 49, -2*n - 5*j + 5 = 0. Suppose -13*g + 8*g + n = 0. Suppose g = -u + 15. What is the remainder when 50 is divided by u?
11
Let s = 27736 - 24853. What is the remainder when s is divided by 90?
3
Let l be -16*((-51)/12 - 2). Let s = l + -41. Let g(x) = 42*x + 94. Calculate the remainder when s is divided by g(-2).
9
What is the remainder when 717 is divided by ((-102)/(-119))/((-36)/(-10206))?
231
Let t = -3916 - -4284. What is the remainder when t is divided by 17?
11
Let o = -157 + 328. Let u(v) = 1732*v + 22561. Calculate the remainder when o is divided by u(-13).
36
Let v be (-10)/((-30)/(-6))*-172. Let q = v + 32. Calculate the remainder when q is divided by 27.
25
Let t = 2 + 15. Let r = -15 + t. What is the remainder when 44 is divided by (9 - r) + (36/3)/(-6)?
4
What is the remainder when 1/(-3 + 408/135) is divided by (8675/125 - (-2)/(-5))*4/12?
22
Suppose 0 = -5*w + 2*b - 4 + 14, -4*w + 3*b + 1 = 0. What is the remainder when 106 is divided by ((-86)/w + 3)*-2?
32
Let z be (-12 - -17) + 0/2. Let y(j) = 12*j - 39. Let r(l) = -8*l + 26. Let h(u) = -8*r(u) - 5*y(u). Calculate the remainder when 11 is divided by h(z).
4
Let d = 166 + -163. Suppose -3*u - 3 = 0, -2*n + 4*u + 25 = d*u. Calculate the remainder when 67 is divided by n.
7
Let y = 71 - 23. Let p(t) = 4*t + 33. Let r be p(-7). Suppose 5*s - 25 - 20 = -5*g, 4*g - 32 = -r*s. What is the remainder when y is divided by g?
9
Suppose -5*d - 207 + 1218 = 2*c, 3*c - 1471 = -d. Calculate the remainder when 1956 is divided by c.
4
Suppose 0 = -4*t + 2*f + 2448, 50*f - 568 = -t + 45*f. What is the remainder when t is divided by 30?
8
Let f(u) = u**2 + 271*u + 6401. Let o = 37 - -19. Calculate the remainder when o is divided by f(-245).
25
Let d(z) = 7*z**2 + 7*z + 25. Let x be d(6). Let s = x - 293. What is the remainder when s is divided by 2*-7*(-6)/12?
5
Suppose 48*t - 46*t = 476. Suppose -31*y = -28*y - 36. Calculate the remainder when t is divided by y.
10
Suppose -158*q + 44 = -147*q. Calculate the remainder when 106 is divided by q/2*72/16.
7
Suppose -k = 4*c - 3*c, -5*c - 10 = 0. Suppose 5*v - 86 = k*n - 9, 4*n - 84 = -4*v. Calculate the remainder when 69 is divided by v.
1
Let w = -141 + 171. Calculate the remainder when (w/(-20))/(0 + (-3)/102) is divided by 37.
14
Suppose 1125 = -g + 53*g - 695. What is the remainder when 182 is divided by g?
7
Suppose 0 = 38*w - 16 - 402. Suppose w*n - 405 = 255. Calculate the remainder when n is divided by 16.
12
Suppose -6 = -2*d + q + 2*q, 4*d - 56 = -5*q. Suppose 379 = 5*f + 4*z - 0, -z + 312 = 4*f. Calculate the remainder when f is divided by d.
7
Suppose -w = 5*t + 4*w - 150, 0 = 5*t + w - 158. Suppose t*s - 7*s = 350. Calculate the remainder when s is divided by 11.
3
Suppose -303*l + 6163 = -26561. Calculate the remainder when 450 is divided by l.
18
Let n be 2 - (-14)/(-12) - (-10262)/12. Suppose 853*p = n*p - 132. What is the remainder when 63 is divided by p?
19
Let m = -71 + 74. Suppose 0 = -m*i - 15, 0*i = 4*t - i - 17. Suppose -5*o + 2 = r, 0 = 4*r - o + t*o - 44. What is the remainder when 31 is divided by r?
7
Let x be (-3)/((4/(-30))/(-2)). Let k = -28 - x. Calculate the remainder when (137 - 13)/((-88)/(-16)) - (-12)/(-22) is divided by k.
5
Suppose 0 = -17*d + 2850 + 4154. Suppose 3*a = -301 + d. What is the remainder when a is divided by 7?
2
Suppose -9*f - 7416 = -65*f - 2152. Calculate the remainder when 657 is divided by f.
93
Suppose 78*k = 1572 + 300. What is the remainder when 614